e factors of 36315945.
3, 5, 89669
List the prime factors of 837454638.
2, 3, 139575773
What are the prime factors of 282001224?
2, 3, 43, 263, 1039
What are the prime factors of 93678061?
93678061
List the prime factors of 286767829.
286767829
What are the prime factors of 465859014?
2, 3, 77643169
What are the prime factors of 37333818?
2, 3, 521, 1327
What are the prime factors of 1437183746?
2, 31, 23180383
List the prime factors of 170285965.
5, 1789, 19037
What are the prime factors of 16710696?
2, 3, 23, 10091
What are the prime factors of 14975186?
2, 7487593
List the prime factors of 203557066.
2, 137, 742909
List the prime factors of 1056957922.
2, 528478961
List the prime factors of 1231902153.
3, 6247, 21911
What are the prime factors of 189781150?
2, 5, 13, 291971
What are the prime factors of 250737003?
3, 11, 2532697
What are the prime factors of 114890626?
2, 1871, 30703
List the prime factors of 1257345306.
2, 3, 7, 31, 321901
List the prime factors of 122732281.
7, 1151, 15233
What are the prime factors of 2357428035?
3, 5, 113, 1390813
What are the prime factors of 1412252408?
2, 7, 37, 681589
List the prime factors of 22646634.
2, 3, 3774439
List the prime factors of 6683302566.
2, 3, 233, 1593539
What are the prime factors of 374937908?
2, 93734477
What are the prime factors of 3069892?
2, 7, 109639
List the prime factors of 1062784510.
2, 5, 106278451
What are the prime factors of 521762592?
2, 3, 13, 418079
What are the prime factors of 1852164749?
10559, 175411
List the prime factors of 1483020875.
5, 7, 97, 101, 173
What are the prime factors of 1059558694?
2, 17, 47, 663053
List the prime factors of 919068819.
3, 283, 1082531
List the prime factors of 32562254.
2, 16281127
List the prime factors of 32911605.
3, 5, 731369
What are the prime factors of 446597059?
446597059
What are the prime factors of 14353539?
3, 131, 36523
List the prime factors of 205632540.
2, 3, 5, 197, 1933
List the prime factors of 210589263.
3, 61, 383587
List the prime factors of 689607247.
7, 113, 871817
List the prime factors of 6200298557.
19, 109, 2993867
List the prime factors of 61801604.
2, 19, 53, 67, 229
List the prime factors of 1538540073.
3, 7, 3488753
List the prime factors of 119334832.
2, 17, 97, 4523
List the prime factors of 45243372.
2, 3, 3770281
What are the prime factors of 64391791?
251, 256541
List the prime factors of 1950922041.
3, 293, 1117, 1987
What are the prime factors of 499410601?
149, 3351749
List the prime factors of 424686465.
3, 5, 7, 1348211
List the prime factors of 320555110.
2, 5, 43, 745477
List the prime factors of 108877963.
1289, 84467
What are the prime factors of 19167129?
3, 89, 23929
What are the prime factors of 751935811?
11, 19, 283, 12713
What are the prime factors of 815760?
2, 3, 5, 11, 103
What are the prime factors of 15237308?
2, 43, 88589
List the prime factors of 702849713.
29, 59, 410783
What are the prime factors of 521259988?
2, 971, 134207
List the prime factors of 61302101.
7, 911, 9613
List the prime factors of 55255810.
2, 5, 5525581
What are the prime factors of 147689960?
2, 5, 11, 107, 3137
What are the prime factors of 36594781?
29, 1261889
List the prime factors of 622099268.
2, 7, 1777, 12503
What are the prime factors of 48661007?
48661007
List the prime factors of 367006412.
2, 83, 1105441
What are the prime factors of 39107935?
5, 23, 89, 3821
List the prime factors of 382964434.
2, 191482217
List the prime factors of 5997885806.
2, 11, 15331, 17783
What are the prime factors of 4179160?
2, 5, 104479
List the prime factors of 31078831.
7, 4439833
What are the prime factors of 939514866?
2, 3, 47, 191, 17443
What are the prime factors of 142056938?
2, 3191, 22259
What are the prime factors of 11500144?
2, 718759
What are the prime factors of 1167003225?
3, 5, 5186681
List the prime factors of 27083836.
2, 13, 701, 743
What are the prime factors of 26111262?
2, 3, 421, 10337
What are the prime factors of 3108233?
773, 4021
What are the prime factors of 84039112?
2, 757, 13877
List the prime factors of 3265415.
5, 653083
List the prime factors of 493013244.
2, 3, 41084437
List the prime factors of 1525516069.
7, 11, 41, 69031
List the prime factors of 48577082.
2, 1747, 13903
List the prime factors of 19554936.
2, 3, 814789
List the prime factors of 37416924.
2, 3, 346453
List the prime factors of 4349391241.
13, 23, 14546459
List the prime factors of 373545120.
2, 3, 5, 13, 59863
List the prime factors of 18382431.
3, 79, 77563
What are the prime factors of 90314875?
5, 7, 103217
What are the prime factors of 5590508740?
2, 5, 557, 501841
What are the prime factors of 86554331?
1871, 46261
List the prime factors of 1203347577.
3, 19, 751, 28111
List the prime factors of 31240042.
2, 15620021
What are the prime factors of 1954535410?
2, 5, 195453541
What are the prime factors of 547248468?
2, 3, 13, 3508003
What are the prime factors of 1350776994?
2, 3, 7, 19, 443, 3821
What are the prime factors of 71195927?
11, 6472357
List the prime factors of 599246965.
5, 119849393
List the prime factors of 1611843517.
1611843517
List the prime factors of 4968974988.
2, 3, 7547, 18289
List the prime factors of 2975766689.
7, 425109527
What are the prime factors of 405370512?
2, 3, 2815073
List the prime factors of 640921524.
2, 3, 53410127
What are the prime factors of 2787780?
2, 3, 5, 97, 479
What are the prime factors of 606050299?
23, 43, 612791
What are the prime factors of 8396103572?
2, 19, 271, 407657
List the prime factors of 21364359.
3, 17, 418909
List the prime factors of 64200861.
3, 53, 134593
List the prime factors of 1670403467.
1670403467
What are the prime factors of 2708917573?
2708917573
List the prime factors of 1303395734.
2, 197, 647, 5113
What are the prime factors of 33299879?
151, 220529
What are the prime factors of 453804058?
2, 89, 2549461
What are the prime factors of 27050398?
2, 13525199
What are the prime factors of 1135257119?
1135257119
What are the prime factors of 203343211?
1097, 185363
What are the prime factors of 861130572?
2, 3, 71760881
List the prime factors of 872074088.
2, 6211, 17551
List the prime factors of 1639443066.
2, 3, 659, 414629
List the prime factors of 128123322.
2, 3, 17, 73, 17207
What are the prime factors of 19283135?
5, 43, 89689
What are the prime factors of 58461454?
2, 113, 139, 1861
What are the prime factors of 99185942?
2, 49592971
List the prime factors of 313694343.
3, 11618309
List the prime factors of 92155884.
2, 3, 1051, 7307
List the prime factors of 129615352.
2, 2503, 6473
List the prime factors of 273554753.
199, 463, 2969
List the prime factors of 5204532.
2, 3, 23, 109, 173
What are the prime factors of 254071551?
3, 1451, 58367
What are the prime factors of 386122221?
3, 4766941
List the prime factors of 970507708.
2, 7229, 33563
List the prime factors of 138039439.
17, 97, 863
List the prime factors of 761794921.
139, 5480539
What are the prime factors of 95072029?
13, 19, 384907
List the prime factors of 241919320.
2, 5, 37, 223, 733
List the prime factors of 93200698.
2, 17, 691, 3967
What are the prime factors of 4219888263?
3, 1406629421
What are the prime factors of 453937850?
2, 5, 523, 17359
List the prime factors of 1550224225.
5, 11, 67, 84137
List the prime factors of 2246235242.
2, 1123117621
List the prime factors of 4272474895.
5, 13, 3767, 17449
List the prime factors of 6301914763.
31, 1051, 193423
What are the prime factors of 110195444?
2, 101, 272761
What are the prime factors of 3157497054?
2, 3, 175416503
List the prime factors of 125343987.
3, 41781329
List the prime factors of 4879029999.
3, 1327, 1225579
List the prime factors of 53063493.
3, 7, 1489, 1697
What are the prime factors of 2126371626?
2, 3, 118131757
List the prime factors of 102613617.
3, 37, 308149
What are the prime factors of 124066627?
313, 396379
List the prime factors of 80164414.
2, 11, 373, 9769
What are the prime factors of 702655055?
5, 19, 7396369
List the prime factors of 466688492.
2, 23, 277, 18313
What are the prime factors of 79590499?
1151, 69149
What are the prime factors of 31191822?
2, 3, 1732879
List the prime factors of 925629971.
7, 132232853
List the prime factors of 6093706910.
2, 5, 3